[INFO] fetching crate staking_options 0.1.0...
[INFO] checking staking_options-0.1.0 against master#9610dfe5a9a731ced1ea4923ecbd0c57fe367898 for beta-170-4
[INFO] extracting crate staking_options 0.1.0 into /workspace/builds/worker-1-tc1/source
[INFO] validating manifest of crates.io crate staking_options 0.1.0 on toolchain 9610dfe5a9a731ced1ea4923ecbd0c57fe367898
[INFO] running `Command { std: CARGO_HOME="/workspace/cargo-home" RUSTUP_HOME="/workspace/rustup-home" "/workspace/cargo-home/bin/cargo" "+9610dfe5a9a731ced1ea4923ecbd0c57fe367898" "metadata" "--manifest-path" "Cargo.toml" "--no-deps", kill_on_drop: false }`
[INFO] started tweaking crates.io crate staking_options 0.1.0
[INFO] finished tweaking crates.io crate staking_options 0.1.0
[INFO] tweaked toml for crates.io crate staking_options 0.1.0 written to /workspace/builds/worker-1-tc1/source/Cargo.toml
[INFO] running `Command { std: CARGO_HOME="/workspace/cargo-home" RUSTUP_HOME="/workspace/rustup-home" __CARGO_TEST_CHANNEL_OVERRIDE_DO_NOT_USE_THIS="nightly" "/workspace/cargo-home/bin/cargo" "+9610dfe5a9a731ced1ea4923ecbd0c57fe367898" "generate-lockfile" "--manifest-path" "Cargo.toml" "-Zno-index-update", kill_on_drop: false }`
[INFO] running `Command { std: CARGO_HOME="/workspace/cargo-home" RUSTUP_HOME="/workspace/rustup-home" "/workspace/cargo-home/bin/cargo" "+9610dfe5a9a731ced1ea4923ecbd0c57fe367898" "fetch" "--manifest-path" "Cargo.toml", kill_on_drop: false }`
[INFO] [stderr]  Downloading crates ...
[INFO] [stderr]   Downloaded spl-token-2022 v0.6.1
[INFO] [stderr]   Downloaded anchor-spl v0.27.0
[INFO] [stderr]   Downloaded spl-associated-token-account v1.1.3
[INFO] [stderr]   Downloaded solana-zk-token-sdk v1.14.18
[INFO] running `Command { std: "docker" "create" "-v" "/var/lib/crater-agent-workspace/builds/worker-1-tc1/target:/opt/rustwide/target:rw,Z" "-v" "/var/lib/crater-agent-workspace/builds/worker-1-tc1/source:/opt/rustwide/workdir:ro,Z" "-v" "/var/lib/crater-agent-workspace/cargo-home:/opt/rustwide/cargo-home:ro,Z" "-v" "/var/lib/crater-agent-workspace/rustup-home:/opt/rustwide/rustup-home:ro,Z" "-e" "SOURCE_DIR=/opt/rustwide/workdir" "-e" "CARGO_TARGET_DIR=/opt/rustwide/target" "-e" "CARGO_HOME=/opt/rustwide/cargo-home" "-e" "RUSTUP_HOME=/opt/rustwide/rustup-home" "-w" "/opt/rustwide/workdir" "-m" "1610612736" "--user" "0:0" "--network" "none" "ghcr.io/rust-lang/crates-build-env/linux@sha256:19e73879b68f455e41552ea35293514db52ea292d993f571636dbffedb77a1ee" "/opt/rustwide/cargo-home/bin/cargo" "+9610dfe5a9a731ced1ea4923ecbd0c57fe367898" "metadata" "--no-deps" "--format-version=1", kill_on_drop: false }`
[INFO] [stdout] 7c9214bc0dc06f1a37677c80e8bd76f0f16af1682657d01f70741fdc098a7afa
[INFO] running `Command { std: "docker" "start" "-a" "7c9214bc0dc06f1a37677c80e8bd76f0f16af1682657d01f70741fdc098a7afa", kill_on_drop: false }`
[INFO] running `Command { std: "docker" "inspect" "7c9214bc0dc06f1a37677c80e8bd76f0f16af1682657d01f70741fdc098a7afa", kill_on_drop: false }`
[INFO] running `Command { std: "docker" "rm" "-f" "7c9214bc0dc06f1a37677c80e8bd76f0f16af1682657d01f70741fdc098a7afa", kill_on_drop: false }`
[INFO] [stdout] 7c9214bc0dc06f1a37677c80e8bd76f0f16af1682657d01f70741fdc098a7afa
[INFO] running `Command { std: "docker" "create" "-v" "/var/lib/crater-agent-workspace/builds/worker-1-tc1/target:/opt/rustwide/target:rw,Z" "-v" "/var/lib/crater-agent-workspace/builds/worker-1-tc1/source:/opt/rustwide/workdir:ro,Z" "-v" "/var/lib/crater-agent-workspace/cargo-home:/opt/rustwide/cargo-home:ro,Z" "-v" "/var/lib/crater-agent-workspace/rustup-home:/opt/rustwide/rustup-home:ro,Z" "-e" "SOURCE_DIR=/opt/rustwide/workdir" "-e" "CARGO_TARGET_DIR=/opt/rustwide/target" "-e" "CARGO_INCREMENTAL=0" "-e" "RUST_BACKTRACE=full" "-e" "RUSTFLAGS=--cap-lints=forbid" "-e" "RUSTDOCFLAGS=--cap-lints=forbid" "-e" "CARGO_HOME=/opt/rustwide/cargo-home" "-e" "RUSTUP_HOME=/opt/rustwide/rustup-home" "-w" "/opt/rustwide/workdir" "-m" "1610612736" "--user" "0:0" "--network" "none" "ghcr.io/rust-lang/crates-build-env/linux@sha256:19e73879b68f455e41552ea35293514db52ea292d993f571636dbffedb77a1ee" "/opt/rustwide/cargo-home/bin/cargo" "+9610dfe5a9a731ced1ea4923ecbd0c57fe367898" "check" "--frozen" "--all" "--all-targets" "--message-format=json", kill_on_drop: false }`
[INFO] [stdout] 4a1d8e6d3f20916d5294a509e10f53e30fc3abde3a04c5b7ccd425796139be0f
[INFO] running `Command { std: "docker" "start" "-a" "4a1d8e6d3f20916d5294a509e10f53e30fc3abde3a04c5b7ccd425796139be0f", kill_on_drop: false }`
[INFO] [stderr]    Compiling proc-macro2 v1.0.59
[INFO] [stderr]     Checking subtle v2.4.1
[INFO] [stderr]    Compiling getrandom v0.1.16
[INFO] [stderr]    Compiling libc v0.2.144
[INFO] [stderr]     Checking getrandom v0.2.9
[INFO] [stderr]    Compiling log v0.4.18
[INFO] [stderr]    Compiling memchr v2.5.0
[INFO] [stderr]    Compiling anyhow v1.0.71
[INFO] [stderr]    Compiling indexmap v1.9.3
[INFO] [stderr]    Compiling block-padding v0.2.1
[INFO] [stderr]    Compiling opaque-debug v0.3.0
[INFO] [stderr]    Compiling toml_datetime v0.6.2
[INFO] [stderr]    Compiling cpufeatures v0.2.7
[INFO] [stderr]    Compiling winnow v0.4.6
[INFO] [stderr]    Compiling heck v0.3.3
[INFO] [stderr]     Checking signature v1.6.4
[INFO] [stderr]    Compiling bs58 v0.3.1
[INFO] [stderr]     Checking regex-syntax v0.7.2
[INFO] [stderr]     Checking ed25519 v1.5.3
[INFO] [stderr]     Checking atty v0.2.14
[INFO] [stderr]     Checking termcolor v1.2.0
[INFO] [stderr]     Checking rand_core v0.6.4
[INFO] [stderr]     Checking ahash v0.7.6
[INFO] [stderr]     Checking humantime v2.1.0
[INFO] [stderr]    Compiling solana-sdk v1.14.18
[INFO] [stderr]     Checking derivation-path v0.2.0
[INFO] [stderr]     Checking uriparse v0.6.4
[INFO] [stderr]     Checking qstring v0.7.2
[INFO] [stderr]     Checking chrono v0.4.26
[INFO] [stderr]     Checking rand_xoshiro v0.6.0
[INFO] [stderr]     Checking assert_matches v1.5.0
[INFO] [stderr]     Checking solana-security-txt v1.1.1
[INFO] [stderr]     Checking hashbrown v0.12.3
[INFO] [stderr]     Checking hashbrown v0.11.2
[INFO] [stderr]     Checking rand_core v0.5.1
[INFO] [stderr]     Checking aho-corasick v1.0.1
[INFO] [stderr]     Checking rand_chacha v0.2.2
[INFO] [stderr]     Checking rand v0.7.3
[INFO] [stderr]    Compiling quote v1.0.28
[INFO] [stderr]    Compiling syn v2.0.18
[INFO] [stderr]    Compiling syn v1.0.109
[INFO] [stderr]    Compiling jobserver v0.1.26
[INFO] [stderr]    Compiling cc v1.0.79
[INFO] [stderr]     Checking regex v1.8.3
[INFO] [stderr]    Compiling blake3 v1.3.3
[INFO] [stderr]    Compiling solana-program v1.14.18
[INFO] [stderr]    Compiling toml_edit v0.19.10
[INFO] [stderr]     Checking env_logger v0.9.3
[INFO] [stderr]     Checking solana-logger v1.14.18
[INFO] [stderr]    Compiling proc-macro-crate v1.3.1
[INFO] [stderr]    Compiling wasm-bindgen-backend v0.2.86
[INFO] [stderr]    Compiling borsh-derive-internal v0.9.3
[INFO] [stderr]    Compiling borsh-schema-derive-internal v0.9.3
[INFO] [stderr]    Compiling serde_derive v1.0.163
[INFO] [stderr]    Compiling thiserror-impl v1.0.40
[INFO] [stderr]    Compiling zeroize_derive v1.4.2
[INFO] [stderr]    Compiling bytemuck_derive v1.4.1
[INFO] [stderr]    Compiling wasm-bindgen-macro-support v0.2.86
[INFO] [stderr]    Compiling solana-frozen-abi-macro v1.14.18
[INFO] [stderr]    Compiling solana-sdk-macro v1.14.18
[INFO] [stderr]    Compiling num-derive v0.3.3
[INFO] [stderr]    Compiling num_enum_derive v0.5.11
[INFO] [stderr]    Compiling anchor-derive-space v0.27.0
[INFO] [stderr]     Checking zeroize v1.3.0
[INFO] [stderr]     Checking merlin v3.0.0
[INFO] [stderr]    Compiling wasm-bindgen-macro v0.2.86
[INFO] [stderr]     Checking bytemuck v1.13.1
[INFO] [stderr]     Checking thiserror v1.0.40
[INFO] [stderr]     Checking wasm-bindgen v0.2.86
[INFO] [stderr]     Checking num_enum v0.5.11
[INFO] [stderr]     Checking serde v1.0.163
[INFO] [stderr]     Checking generic-array v0.14.7
[INFO] [stderr]     Checking serde_bytes v0.11.9
[INFO] [stderr]     Checking im v15.1.0
[INFO] [stderr]     Checking bv v0.11.1
[INFO] [stderr]     Checking serde_json v1.0.96
[INFO] [stderr]     Checking bincode v1.3.3
[INFO] [stderr]    Compiling toml v0.5.11
[INFO] [stderr]    Compiling shank_macro_impl v0.0.11
[INFO] [stderr]     Checking digest v0.9.0
[INFO] [stderr]     Checking crypto-common v0.1.6
[INFO] [stderr]     Checking block-buffer v0.10.4
[INFO] [stderr]     Checking block-buffer v0.9.0
[INFO] [stderr]     Checking crypto-mac v0.8.0
[INFO] [stderr]     Checking cipher v0.3.0
[INFO] [stderr]     Checking universal-hash v0.4.1
[INFO] [stderr]     Checking inout v0.1.3
[INFO] [stderr]     Checking aead v0.4.3
[INFO] [stderr]     Checking pbkdf2 v0.4.0
[INFO] [stderr]     Checking polyval v0.5.3
[INFO] [stderr]     Checking sha2 v0.9.9
[INFO] [stderr]     Checking hmac v0.8.1
[INFO] [stderr]     Checking curve25519-dalek v3.2.1
[INFO] [stderr]     Checking libsecp256k1-core v0.2.2
[INFO] [stderr]     Checking cipher v0.4.4
[INFO] [stderr]     Checking digest v0.10.7
[INFO] [stderr]     Checking sha3 v0.9.1
[INFO] [stderr]     Checking hmac-drbg v0.3.0
[INFO] [stderr]     Checking ctr v0.8.0
[INFO] [stderr]     Checking aes v0.7.5
[INFO] [stderr]     Checking sha2 v0.10.6
[INFO] [stderr]     Checking sha3 v0.10.8
[INFO] [stderr]     Checking hmac v0.12.1
[INFO] [stderr]     Checking pbkdf2 v0.11.0
[INFO] [stderr]     Checking tiny-bip39 v0.8.2
[INFO] [stderr]     Checking aes-gcm-siv v0.10.3
[INFO] [stderr]    Compiling shank_macro v0.0.11
[INFO] [stderr]    Compiling proc-macro-crate v0.1.5
[INFO] [stderr]    Compiling anchor-syn v0.27.0
[INFO] [stderr]     Checking solana-frozen-abi v1.14.18
[INFO] [stderr]     Checking ed25519-dalek v1.0.1
[INFO] [stderr]     Checking ed25519-dalek-bip32 v0.2.0
[INFO] [stderr]    Compiling borsh-derive v0.9.3
[INFO] [stderr]     Checking shank v0.0.11
[INFO] [stderr]    Compiling libsecp256k1-gen-genmult v0.2.1
[INFO] [stderr]    Compiling libsecp256k1-gen-ecmult v0.2.1
[INFO] [stderr]    Compiling libsecp256k1 v0.6.0
[INFO] [stderr]     Checking borsh v0.9.3
[INFO] [stderr]    Compiling anchor-attribute-event v0.27.0
[INFO] [stderr]    Compiling anchor-attribute-program v0.27.0
[INFO] [stderr]    Compiling anchor-attribute-constant v0.27.0
[INFO] [stderr]    Compiling anchor-attribute-error v0.27.0
[INFO] [stderr]    Compiling anchor-attribute-account v0.27.0
[INFO] [stderr]    Compiling anchor-derive-accounts v0.27.0
[INFO] [stderr]    Compiling anchor-attribute-access-control v0.27.0
[INFO] [stderr]     Checking spl-token v3.5.0
[INFO] [stderr]     Checking spl-memo v3.0.1
[INFO] [stderr]     Checking anchor-lang v0.27.0
[INFO] [stderr]     Checking mpl-token-vault v0.1.0
[INFO] [stderr]     Checking solana-zk-token-sdk v1.14.18
[INFO] [stderr]     Checking spl-token-2022 v0.6.1
[INFO] [stderr]     Checking spl-token-2022 v0.5.0
[INFO] [stdout] error[E0061]: this function takes 2 arguments but 1 argument was supplied
[INFO] [stdout]    --> /opt/rustwide/cargo-home/registry/src/index.crates.io-6f17d22bba15001f/spl-token-2022-0.5.0/src/extension/confidential_transfer/instruction.rs:624:9
[INFO] [stdout]     |
[INFO] [stdout] 624 |         verify_pubkey_validity(proof_data),
[INFO] [stdout]     |         ^^^^^^^^^^^^^^^^^^^^^^ ---------- an argument of type `Option<ContextStateInfo<'_>>` is missing
[INFO] [stdout]     |
[INFO] [stdout] note: function defined here
[INFO] [stdout]    --> /opt/rustwide/cargo-home/registry/src/index.crates.io-6f17d22bba15001f/solana-zk-token-sdk-1.14.18/src/zk_token_proof_instruction.rs:206:8
[INFO] [stdout]     |
[INFO] [stdout] 206 | pub fn verify_pubkey_validity(
[INFO] [stdout]     |        ^^^^^^^^^^^^^^^^^^^^^^
[INFO] [stdout] help: provide the argument
[INFO] [stdout]     |
[INFO] [stdout] 624 |         verify_pubkey_validity(/* Option<ContextStateInfo<'_>> */, proof_data),
[INFO] [stdout]     |                               ~~~~~~~~~~~~~~~~~~~~~~~~~~~~~~~~~~~~~~~~~~~~~~~~
[INFO] [stdout] 
[INFO] [stdout] 
[INFO] [stdout] error[E0061]: this function takes 2 arguments but 1 argument was supplied
[INFO] [stdout]    --> /opt/rustwide/cargo-home/registry/src/index.crates.io-6f17d22bba15001f/spl-token-2022-0.5.0/src/extension/confidential_transfer/instruction.rs:698:9
[INFO] [stdout]     |
[INFO] [stdout] 698 |         verify_close_account(proof_data),
[INFO] [stdout]     |         ^^^^^^^^^^^^^^^^^^^^ ---------- an argument of type `Option<ContextStateInfo<'_>>` is missing
[INFO] [stdout]     |
[INFO] [stdout] note: function defined here
[INFO] [stdout]    --> /opt/rustwide/cargo-home/registry/src/index.crates.io-6f17d22bba15001f/solana-zk-token-sdk-1.14.18/src/zk_token_proof_instruction.rs:165:8
[INFO] [stdout]     |
[INFO] [stdout] 165 | pub fn verify_close_account(
[INFO] [stdout]     |        ^^^^^^^^^^^^^^^^^^^^
[INFO] [stdout] help: provide the argument
[INFO] [stdout]     |
[INFO] [stdout] 698 |         verify_close_account(/* Option<ContextStateInfo<'_>> */, proof_data),
[INFO] [stdout]     |                             ~~~~~~~~~~~~~~~~~~~~~~~~~~~~~~~~~~~~~~~~~~~~~~~~
[INFO] [stdout] 
[INFO] [stdout] 
[INFO] [stdout] error[E0061]: this function takes 2 arguments but 1 argument was supplied
[INFO] [stdout]    --> /opt/rustwide/cargo-home/registry/src/index.crates.io-6f17d22bba15001f/spl-token-2022-0.5.0/src/extension/confidential_transfer/instruction.rs:803:9
[INFO] [stdout]     |
[INFO] [stdout] 803 |         verify_withdraw(proof_data),
[INFO] [stdout]     |         ^^^^^^^^^^^^^^^ ---------- an argument of type `Option<ContextStateInfo<'_>>` is missing
[INFO] [stdout]     |
[INFO] [stdout] note: function defined here
[INFO] [stdout]    --> /opt/rustwide/cargo-home/registry/src/index.crates.io-6f17d22bba15001f/solana-zk-token-sdk-1.14.18/src/zk_token_proof_instruction.rs:173:8
[INFO] [stdout]     |
[INFO] [stdout] 173 | pub fn verify_withdraw(
[INFO] [stdout]     |        ^^^^^^^^^^^^^^^
[INFO] [stdout] help: provide the argument
[INFO] [stdout]     |
[INFO] [stdout] 803 |         verify_withdraw(/* Option<ContextStateInfo<'_>> */, proof_data),
[INFO] [stdout]     |                        ~~~~~~~~~~~~~~~~~~~~~~~~~~~~~~~~~~~~~~~~~~~~~~~~
[INFO] [stdout] 
[INFO] [stdout] 
[INFO] [stdout] error[E0061]: this function takes 2 arguments but 1 argument was supplied
[INFO] [stdout]    --> /opt/rustwide/cargo-home/registry/src/index.crates.io-6f17d22bba15001f/spl-token-2022-0.5.0/src/extension/confidential_transfer/instruction.rs:870:9
[INFO] [stdout]     |
[INFO] [stdout] 870 |         verify_transfer(proof_data),
[INFO] [stdout]     |         ^^^^^^^^^^^^^^^ ---------- an argument of type `Option<ContextStateInfo<'_>>` is missing
[INFO] [stdout]     |
[INFO] [stdout] note: function defined here
[INFO] [stdout]    --> /opt/rustwide/cargo-home/registry/src/index.crates.io-6f17d22bba15001f/solana-zk-token-sdk-1.14.18/src/zk_token_proof_instruction.rs:190:8
[INFO] [stdout]     |
[INFO] [stdout] 190 | pub fn verify_transfer(
[INFO] [stdout]     |        ^^^^^^^^^^^^^^^
[INFO] [stdout] help: provide the argument
[INFO] [stdout]     |
[INFO] [stdout] 870 |         verify_transfer(/* Option<ContextStateInfo<'_>> */, proof_data),
[INFO] [stdout]     |                        ~~~~~~~~~~~~~~~~~~~~~~~~~~~~~~~~~~~~~~~~~~~~~~~~
[INFO] [stdout] 
[INFO] [stdout] 
[INFO] [stdout] error[E0061]: this function takes 2 arguments but 1 argument was supplied
[INFO] [stdout]    --> /opt/rustwide/cargo-home/registry/src/index.crates.io-6f17d22bba15001f/spl-token-2022-0.5.0/src/extension/confidential_transfer/instruction.rs:898:9
[INFO] [stdout]     |
[INFO] [stdout] 898 |         verify_transfer_with_fee(proof_data),
[INFO] [stdout]     |         ^^^^^^^^^^^^^^^^^^^^^^^^ ---------- an argument of type `Option<ContextStateInfo<'_>>` is missing
[INFO] [stdout]     |
[INFO] [stdout] note: function defined here
[INFO] [stdout]    --> /opt/rustwide/cargo-home/registry/src/index.crates.io-6f17d22bba15001f/solana-zk-token-sdk-1.14.18/src/zk_token_proof_instruction.rs:198:8
[INFO] [stdout]     |
[INFO] [stdout] 198 | pub fn verify_transfer_with_fee(
[INFO] [stdout]     |        ^^^^^^^^^^^^^^^^^^^^^^^^
[INFO] [stdout] help: provide the argument
[INFO] [stdout]     |
[INFO] [stdout] 898 |         verify_transfer_with_fee(/* Option<ContextStateInfo<'_>> */, proof_data),
[INFO] [stdout]     |                                 ~~~~~~~~~~~~~~~~~~~~~~~~~~~~~~~~~~~~~~~~~~~~~~~~
[INFO] [stdout] 
[INFO] [stdout] 
[INFO] [stdout] error[E0061]: this function takes 2 arguments but 1 argument was supplied
[INFO] [stdout]     --> /opt/rustwide/cargo-home/registry/src/index.crates.io-6f17d22bba15001f/spl-token-2022-0.5.0/src/extension/confidential_transfer/instruction.rs:1097:9
[INFO] [stdout]      |
[INFO] [stdout] 1097 |         verify_withdraw_withheld_tokens(proof_data),
[INFO] [stdout]      |         ^^^^^^^^^^^^^^^^^^^^^^^^^^^^^^^ ---------- an argument of type `Option<ContextStateInfo<'_>>` is missing
[INFO] [stdout]      |
[INFO] [stdout] note: function defined here
[INFO] [stdout]     --> /opt/rustwide/cargo-home/registry/src/index.crates.io-6f17d22bba15001f/solana-zk-token-sdk-1.14.18/src/zk_token_proof_instruction.rs:181:8
[INFO] [stdout]      |
[INFO] [stdout] 181  | pub fn verify_withdraw_withheld_tokens(
[INFO] [stdout]      |        ^^^^^^^^^^^^^^^^^^^^^^^^^^^^^^^
[INFO] [stdout] help: provide the argument
[INFO] [stdout]      |
[INFO] [stdout] 1097 |         verify_withdraw_withheld_tokens(/* Option<ContextStateInfo<'_>> */, proof_data),
[INFO] [stdout]      |                                        ~~~~~~~~~~~~~~~~~~~~~~~~~~~~~~~~~~~~~~~~~~~~~~~~
[INFO] [stdout] 
[INFO] [stdout] 
[INFO] [stdout] error[E0061]: this function takes 2 arguments but 1 argument was supplied
[INFO] [stdout]     --> /opt/rustwide/cargo-home/registry/src/index.crates.io-6f17d22bba15001f/spl-token-2022-0.5.0/src/extension/confidential_transfer/instruction.rs:1163:9
[INFO] [stdout]      |
[INFO] [stdout] 1163 |         verify_withdraw_withheld_tokens(proof_data),
[INFO] [stdout]      |         ^^^^^^^^^^^^^^^^^^^^^^^^^^^^^^^ ---------- an argument of type `Option<ContextStateInfo<'_>>` is missing
[INFO] [stdout]      |
[INFO] [stdout] note: function defined here
[INFO] [stdout]     --> /opt/rustwide/cargo-home/registry/src/index.crates.io-6f17d22bba15001f/solana-zk-token-sdk-1.14.18/src/zk_token_proof_instruction.rs:181:8
[INFO] [stdout]      |
[INFO] [stdout] 181  | pub fn verify_withdraw_withheld_tokens(
[INFO] [stdout]      |        ^^^^^^^^^^^^^^^^^^^^^^^^^^^^^^^
[INFO] [stdout] help: provide the argument
[INFO] [stdout]      |
[INFO] [stdout] 1163 |         verify_withdraw_withheld_tokens(/* Option<ContextStateInfo<'_>> */, proof_data),
[INFO] [stdout]      |                                        ~~~~~~~~~~~~~~~~~~~~~~~~~~~~~~~~~~~~~~~~~~~~~~~~
[INFO] [stdout] 
[INFO] [stdout] 
[INFO] [stdout] error[E0599]: no variant or associated item named `decode_type` found for enum `solana_zk_token_sdk::zk_token_proof_instruction::ProofInstruction` in the current scope
[INFO] [stdout]   --> /opt/rustwide/cargo-home/registry/src/index.crates.io-6f17d22bba15001f/spl-token-2022-0.5.0/src/extension/confidential_transfer/processor.rs:41:30
[INFO] [stdout]    |
[INFO] [stdout] 41 |         || ProofInstruction::decode_type(&instruction.data) != Some(expected)
[INFO] [stdout]    |                              ^^^^^^^^^^^ variant or associated item not found in `ProofInstruction`
[INFO] [stdout] 
[INFO] [stdout] 
[INFO] [stdout] error[E0599]: no variant or associated item named `decode_data` found for enum `solana_zk_token_sdk::zk_token_proof_instruction::ProofInstruction` in the current scope
[INFO] [stdout]   --> /opt/rustwide/cargo-home/registry/src/index.crates.io-6f17d22bba15001f/spl-token-2022-0.5.0/src/extension/confidential_transfer/processor.rs:47:23
[INFO] [stdout]    |
[INFO] [stdout] 47 |     ProofInstruction::decode_data(&instruction.data).ok_or(ProgramError::InvalidInstructionData)
[INFO] [stdout]    |                       ^^^^^^^^^^^ variant or associated item not found in `ProofInstruction`
[INFO] [stdout] 
[INFO] [stdout] 
[INFO] [stdout] error[E0609]: no field `pubkey` on type `&solana_zk_token_sdk::instruction::PubkeyValidityData`
[INFO] [stdout]    --> /opt/rustwide/cargo-home/registry/src/index.crates.io-6f17d22bba15001f/spl-token-2022-0.5.0/src/extension/confidential_transfer/processor.rs:171:19
[INFO] [stdout]     |
[INFO] [stdout] 171 |     if proof_data.pubkey != *encryption_pubkey {
[INFO] [stdout]     |                   ^^^^^^ unknown field
[INFO] [stdout]     |
[INFO] [stdout]     = note: available fields are: `context`, `proof`
[INFO] [stdout] help: one of the expressions' fields has a field of the same name
[INFO] [stdout]     |
[INFO] [stdout] 171 |     if proof_data.context.pubkey != *encryption_pubkey {
[INFO] [stdout]     |                   ++++++++
[INFO] [stdout] 
[INFO] [stdout] 
[INFO] [stdout] error[E0609]: no field `ciphertext` on type `&solana_zk_token_sdk::instruction::CloseAccountData`
[INFO] [stdout]    --> /opt/rustwide/cargo-home/registry/src/index.crates.io-6f17d22bba15001f/spl-token-2022-0.5.0/src/extension/confidential_transfer/processor.rs:298:70
[INFO] [stdout]     |
[INFO] [stdout] 298 |     if confidential_transfer_account.available_balance != proof_data.ciphertext {
[INFO] [stdout]     |                                                                      ^^^^^^^^^^ unknown field
[INFO] [stdout]     |
[INFO] [stdout]     = note: available fields are: `context`, `proof`
[INFO] [stdout] help: one of the expressions' fields has a field of the same name
[INFO] [stdout]     |
[INFO] [stdout] 298 |     if confidential_transfer_account.available_balance != proof_data.context.ciphertext {
[INFO] [stdout]     |                                                                      ++++++++
[INFO] [stdout] 
[INFO] [stdout] 
[INFO] [stdout] error[E0609]: no field `pubkey` on type `&solana_zk_token_sdk::instruction::CloseAccountData`
[INFO] [stdout]    --> /opt/rustwide/cargo-home/registry/src/index.crates.io-6f17d22bba15001f/spl-token-2022-0.5.0/src/extension/confidential_transfer/processor.rs:303:70
[INFO] [stdout]     |
[INFO] [stdout] 303 |     if confidential_transfer_account.encryption_pubkey != proof_data.pubkey {
[INFO] [stdout]     |                                                                      ^^^^^^ unknown field
[INFO] [stdout]     |
[INFO] [stdout]     = note: available fields are: `context`, `proof`
[INFO] [stdout] help: one of the expressions' fields has a field of the same name
[INFO] [stdout]     |
[INFO] [stdout] 303 |     if confidential_transfer_account.encryption_pubkey != proof_data.context.pubkey {
[INFO] [stdout]     |                                                                      ++++++++
[INFO] [stdout] 
[INFO] [stdout] 
[INFO] [stdout] error[E0609]: no field `pubkey` on type `&solana_zk_token_sdk::instruction::WithdrawData`
[INFO] [stdout]    --> /opt/rustwide/cargo-home/registry/src/index.crates.io-6f17d22bba15001f/spl-token-2022-0.5.0/src/extension/confidential_transfer/processor.rs:466:70
[INFO] [stdout]     |
[INFO] [stdout] 466 |     if confidential_transfer_account.encryption_pubkey != proof_data.pubkey {
[INFO] [stdout]     |                                                                      ^^^^^^ unknown field
[INFO] [stdout]     |
[INFO] [stdout]     = note: available fields are: `context`, `proof`
[INFO] [stdout] help: one of the expressions' fields has a field of the same name
[INFO] [stdout]     |
[INFO] [stdout] 466 |     if confidential_transfer_account.encryption_pubkey != proof_data.context.pubkey {
[INFO] [stdout]     |                                                                      ++++++++
[INFO] [stdout] 
[INFO] [stdout] 
[INFO] [stdout] error[E0609]: no field `final_ciphertext` on type `&solana_zk_token_sdk::instruction::WithdrawData`
[INFO] [stdout]    --> /opt/rustwide/cargo-home/registry/src/index.crates.io-6f17d22bba15001f/spl-token-2022-0.5.0/src/extension/confidential_transfer/processor.rs:474:70
[INFO] [stdout]     |
[INFO] [stdout] 474 |     if confidential_transfer_account.available_balance != proof_data.final_ciphertext {
[INFO] [stdout]     |                                                                      ^^^^^^^^^^^^^^^^ unknown field
[INFO] [stdout]     |
[INFO] [stdout]     = note: available fields are: `context`, `proof`
[INFO] [stdout] help: one of the expressions' fields has a field of the same name
[INFO] [stdout]     |
[INFO] [stdout] 474 |     if confidential_transfer_account.available_balance != proof_data.context.final_ciphertext {
[INFO] [stdout]     |                                                                      ++++++++
[INFO] [stdout] 
[INFO] [stdout] 
[INFO] [stdout] error[E0609]: no field `transfer_with_fee_pubkeys` on type `&solana_zk_token_sdk::instruction::TransferWithFeeData`
[INFO] [stdout]    --> /opt/rustwide/cargo-home/registry/src/index.crates.io-6f17d22bba15001f/spl-token-2022-0.5.0/src/extension/confidential_transfer/processor.rs:525:23
[INFO] [stdout]     |
[INFO] [stdout] 525 |         if proof_data.transfer_with_fee_pubkeys.auditor_pubkey
[INFO] [stdout]     |                       ^^^^^^^^^^^^^^^^^^^^^^^^^ unknown field
[INFO] [stdout]     |
[INFO] [stdout]     = note: available fields are: `context`, `proof`
[INFO] [stdout] help: one of the expressions' fields has a field of the same name
[INFO] [stdout]     |
[INFO] [stdout] 525 |         if proof_data.context.transfer_with_fee_pubkeys.auditor_pubkey
[INFO] [stdout]     |                       ++++++++
[INFO] [stdout] 
[INFO] [stdout] 
[INFO] [stdout] error[E0609]: no field `transfer_with_fee_pubkeys` on type `&solana_zk_token_sdk::instruction::TransferWithFeeData`
[INFO] [stdout]    --> /opt/rustwide/cargo-home/registry/src/index.crates.io-6f17d22bba15001f/spl-token-2022-0.5.0/src/extension/confidential_transfer/processor.rs:533:14
[INFO] [stdout]     |
[INFO] [stdout] 533 |             .transfer_with_fee_pubkeys
[INFO] [stdout]     |              ^^^^^^^^^^^^^^^^^^^^^^^^^ unknown field
[INFO] [stdout]     |
[INFO] [stdout]     = note: available fields are: `context`, `proof`
[INFO] [stdout] help: one of the expressions' fields has a field of the same name
[INFO] [stdout]     |
[INFO] [stdout] 533 |             .context.transfer_with_fee_pubkeys
[INFO] [stdout]     |              ++++++++
[INFO] [stdout] 
[INFO] [stdout] 
[INFO] [stdout] error[E0609]: no field `fee_parameters` on type `&solana_zk_token_sdk::instruction::TransferWithFeeData`
[INFO] [stdout]    --> /opt/rustwide/cargo-home/registry/src/index.crates.io-6f17d22bba15001f/spl-token-2022-0.5.0/src/extension/confidential_transfer/processor.rs:563:33
[INFO] [stdout]     |
[INFO] [stdout] 563 |         if u64::from(proof_data.fee_parameters.maximum_fee) != maximum_fee
[INFO] [stdout]     |                                 ^^^^^^^^^^^^^^ unknown field
[INFO] [stdout]     |
[INFO] [stdout]     = note: available fields are: `context`, `proof`
[INFO] [stdout] help: one of the expressions' fields has a field of the same name
[INFO] [stdout]     |
[INFO] [stdout] 563 |         if u64::from(proof_data.context.fee_parameters.maximum_fee) != maximum_fee
[INFO] [stdout]     |                                 ++++++++
[INFO] [stdout] 
[INFO] [stdout] 
[INFO] [stdout] error[E0609]: no field `fee_parameters` on type `&solana_zk_token_sdk::instruction::TransferWithFeeData`
[INFO] [stdout]    --> /opt/rustwide/cargo-home/registry/src/index.crates.io-6f17d22bba15001f/spl-token-2022-0.5.0/src/extension/confidential_transfer/processor.rs:564:37
[INFO] [stdout]     |
[INFO] [stdout] 564 |             || u16::from(proof_data.fee_parameters.fee_rate_basis_points)
[INFO] [stdout]     |                                     ^^^^^^^^^^^^^^ unknown field
[INFO] [stdout]     |
[INFO] [stdout]     = note: available fields are: `context`, `proof`
[INFO] [stdout] help: one of the expressions' fields has a field of the same name
[INFO] [stdout]     |
[INFO] [stdout] 564 |             || u16::from(proof_data.context.fee_parameters.fee_rate_basis_points)
[INFO] [stdout]     |                                     ++++++++
[INFO] [stdout] 
[INFO] [stdout] 
[INFO] [stdout] error[E0615]: attempted to take value of method `ciphertext_lo` on type `&solana_zk_token_sdk::instruction::TransferWithFeeData`
[INFO] [stdout]    --> /opt/rustwide/cargo-home/registry/src/index.crates.io-6f17d22bba15001f/spl-token-2022-0.5.0/src/extension/confidential_transfer/processor.rs:571:24
[INFO] [stdout]     |
[INFO] [stdout] 571 |             proof_data.ciphertext_lo.commitment,
[INFO] [stdout]     |                        ^^^^^^^^^^^^^ method, not a field
[INFO] [stdout]     |
[INFO] [stdout] help: use parentheses to call the method
[INFO] [stdout]     |
[INFO] [stdout] 571 |             proof_data.ciphertext_lo().commitment,
[INFO] [stdout]     |                                     ++
[INFO] [stdout] 
[INFO] [stdout] 
[INFO] [stdout] error[E0615]: attempted to take value of method `ciphertext_lo` on type `&solana_zk_token_sdk::instruction::TransferWithFeeData`
[INFO] [stdout]    --> /opt/rustwide/cargo-home/registry/src/index.crates.io-6f17d22bba15001f/spl-token-2022-0.5.0/src/extension/confidential_transfer/processor.rs:572:24
[INFO] [stdout]     |
[INFO] [stdout] 572 |             proof_data.ciphertext_lo.source_handle,
[INFO] [stdout]     |                        ^^^^^^^^^^^^^ method, not a field
[INFO] [stdout]     |
[INFO] [stdout] help: use parentheses to call the method
[INFO] [stdout]     |
[INFO] [stdout] 572 |             proof_data.ciphertext_lo().source_handle,
[INFO] [stdout]     |                                     ++
[INFO] [stdout] 
[INFO] [stdout] 
[INFO] [stdout] error[E0615]: attempted to take value of method `ciphertext_hi` on type `&solana_zk_token_sdk::instruction::TransferWithFeeData`
[INFO] [stdout]    --> /opt/rustwide/cargo-home/registry/src/index.crates.io-6f17d22bba15001f/spl-token-2022-0.5.0/src/extension/confidential_transfer/processor.rs:575:24
[INFO] [stdout]     |
[INFO] [stdout] 575 |             proof_data.ciphertext_hi.commitment,
[INFO] [stdout]     |                        ^^^^^^^^^^^^^ method, not a field
[INFO] [stdout]     |
[INFO] [stdout] help: use parentheses to call the method
[INFO] [stdout]     |
[INFO] [stdout] 575 |             proof_data.ciphertext_hi().commitment,
[INFO] [stdout]     |                                     ++
[INFO] [stdout] 
[INFO] [stdout] 
[INFO] [stdout] error[E0615]: attempted to take value of method `ciphertext_hi` on type `&solana_zk_token_sdk::instruction::TransferWithFeeData`
[INFO] [stdout]    --> /opt/rustwide/cargo-home/registry/src/index.crates.io-6f17d22bba15001f/spl-token-2022-0.5.0/src/extension/confidential_transfer/processor.rs:576:24
[INFO] [stdout]     |
[INFO] [stdout] 576 |             proof_data.ciphertext_hi.source_handle,
[INFO] [stdout]     |                        ^^^^^^^^^^^^^ method, not a field
[INFO] [stdout]     |
[INFO] [stdout] help: use parentheses to call the method
[INFO] [stdout]     |
[INFO] [stdout] 576 |             proof_data.ciphertext_hi().source_handle,
[INFO] [stdout]     |                                     ++
[INFO] [stdout] 
[INFO] [stdout] 
[INFO] [stdout] error[E0609]: no field `transfer_with_fee_pubkeys` on type `&solana_zk_token_sdk::instruction::TransferWithFeeData`
[INFO] [stdout]    --> /opt/rustwide/cargo-home/registry/src/index.crates.io-6f17d22bba15001f/spl-token-2022-0.5.0/src/extension/confidential_transfer/processor.rs:585:25
[INFO] [stdout]     |
[INFO] [stdout] 585 |             &proof_data.transfer_with_fee_pubkeys.source_pubkey,
[INFO] [stdout]     |                         ^^^^^^^^^^^^^^^^^^^^^^^^^ unknown field
[INFO] [stdout]     |
[INFO] [stdout]     = note: available fields are: `context`, `proof`
[INFO] [stdout] help: one of the expressions' fields has a field of the same name
[INFO] [stdout]     |
[INFO] [stdout] 585 |             &proof_data.context.transfer_with_fee_pubkeys.source_pubkey,
[INFO] [stdout]     |                         ++++++++
[INFO] [stdout] 
[INFO] [stdout] 
[INFO] [stdout] error[E0615]: attempted to take value of method `ciphertext_lo` on type `&solana_zk_token_sdk::instruction::TransferWithFeeData`
[INFO] [stdout]    --> /opt/rustwide/cargo-home/registry/src/index.crates.io-6f17d22bba15001f/spl-token-2022-0.5.0/src/extension/confidential_transfer/processor.rs:592:24
[INFO] [stdout]     |
[INFO] [stdout] 592 |             proof_data.ciphertext_lo.commitment,
[INFO] [stdout]     |                        ^^^^^^^^^^^^^ method, not a field
[INFO] [stdout]     |
[INFO] [stdout] help: use parentheses to call the method
[INFO] [stdout]     |
[INFO] [stdout] 592 |             proof_data.ciphertext_lo().commitment,
[INFO] [stdout]     |                                     ++
[INFO] [stdout] 
[INFO] [stdout] 
[INFO] [stdout] error[E0615]: attempted to take value of method `ciphertext_lo` on type `&solana_zk_token_sdk::instruction::TransferWithFeeData`
[INFO] [stdout]    --> /opt/rustwide/cargo-home/registry/src/index.crates.io-6f17d22bba15001f/spl-token-2022-0.5.0/src/extension/confidential_transfer/processor.rs:593:24
[INFO] [stdout]     |
[INFO] [stdout] 593 |             proof_data.ciphertext_lo.destination_handle,
[INFO] [stdout]     |                        ^^^^^^^^^^^^^ method, not a field
[INFO] [stdout]     |
[INFO] [stdout] help: use parentheses to call the method
[INFO] [stdout]     |
[INFO] [stdout] 593 |             proof_data.ciphertext_lo().destination_handle,
[INFO] [stdout]     |                                     ++
[INFO] [stdout] 
[INFO] [stdout] 
[INFO] [stdout] error[E0615]: attempted to take value of method `ciphertext_hi` on type `&solana_zk_token_sdk::instruction::TransferWithFeeData`
[INFO] [stdout]    --> /opt/rustwide/cargo-home/registry/src/index.crates.io-6f17d22bba15001f/spl-token-2022-0.5.0/src/extension/confidential_transfer/processor.rs:596:24
[INFO] [stdout]     |
[INFO] [stdout] 596 |             proof_data.ciphertext_hi.commitment,
[INFO] [stdout]     |                        ^^^^^^^^^^^^^ method, not a field
[INFO] [stdout]     |
[INFO] [stdout] help: use parentheses to call the method
[INFO] [stdout]     |
[INFO] [stdout] 596 |             proof_data.ciphertext_hi().commitment,
[INFO] [stdout]     |                                     ++
[INFO] [stdout] 
[INFO] [stdout] 
[INFO] [stdout] error[E0615]: attempted to take value of method `ciphertext_hi` on type `&solana_zk_token_sdk::instruction::TransferWithFeeData`
[INFO] [stdout]    --> /opt/rustwide/cargo-home/registry/src/index.crates.io-6f17d22bba15001f/spl-token-2022-0.5.0/src/extension/confidential_transfer/processor.rs:597:24
[INFO] [stdout]     |
[INFO] [stdout] 597 |             proof_data.ciphertext_hi.destination_handle,
[INFO] [stdout]     |                        ^^^^^^^^^^^^^ method, not a field
[INFO] [stdout]     |
[INFO] [stdout] help: use parentheses to call the method
[INFO] [stdout]     |
[INFO] [stdout] 597 |             proof_data.ciphertext_hi().destination_handle,
[INFO] [stdout]     |                                     ++
[INFO] [stdout] 
[INFO] [stdout] 
[INFO] [stdout] error[E0609]: no field `transfer_with_fee_pubkeys` on type `&solana_zk_token_sdk::instruction::TransferWithFeeData`
[INFO] [stdout]    --> /opt/rustwide/cargo-home/registry/src/index.crates.io-6f17d22bba15001f/spl-token-2022-0.5.0/src/extension/confidential_transfer/processor.rs:610:25
[INFO] [stdout]     |
[INFO] [stdout] 610 |             &proof_data.transfer_with_fee_pubkeys.destination_pubkey,
[INFO] [stdout]     |                         ^^^^^^^^^^^^^^^^^^^^^^^^^ unknown field
[INFO] [stdout]     |
[INFO] [stdout]     = note: available fields are: `context`, `proof`
[INFO] [stdout] help: one of the expressions' fields has a field of the same name
[INFO] [stdout]     |
[INFO] [stdout] 610 |             &proof_data.context.transfer_with_fee_pubkeys.destination_pubkey,
[INFO] [stdout]     |                         ++++++++
[INFO] [stdout] 
[INFO] [stdout] 
[INFO] [stdout] error[E0609]: no field `transfer_pubkeys` on type `&solana_zk_token_sdk::instruction::TransferData`
[INFO] [stdout]    --> /opt/rustwide/cargo-home/registry/src/index.crates.io-6f17d22bba15001f/spl-token-2022-0.5.0/src/extension/confidential_transfer/processor.rs:622:23
[INFO] [stdout]     |
[INFO] [stdout] 622 |         if proof_data.transfer_pubkeys.auditor_pubkey
[INFO] [stdout]     |                       ^^^^^^^^^^^^^^^^ unknown field
[INFO] [stdout]     |
[INFO] [stdout]     = note: available fields are: `context`, `proof`
[INFO] [stdout] help: one of the expressions' fields has a field of the same name
[INFO] [stdout]     |
[INFO] [stdout] 622 |         if proof_data.context.transfer_pubkeys.auditor_pubkey
[INFO] [stdout]     |                       ++++++++
[INFO] [stdout] 
[INFO] [stdout] 
[INFO] [stdout] error[E0615]: attempted to take value of method `ciphertext_lo` on type `&solana_zk_token_sdk::instruction::TransferData`
[INFO] [stdout]    --> /opt/rustwide/cargo-home/registry/src/index.crates.io-6f17d22bba15001f/spl-token-2022-0.5.0/src/extension/confidential_transfer/processor.rs:629:24
[INFO] [stdout]     |
[INFO] [stdout] 629 |             proof_data.ciphertext_lo.commitment,
[INFO] [stdout]     |                        ^^^^^^^^^^^^^ method, not a field
[INFO] [stdout]     |
[INFO] [stdout] help: use parentheses to call the method
[INFO] [stdout]     |
[INFO] [stdout] 629 |             proof_data.ciphertext_lo().commitment,
[INFO] [stdout]     |                                     ++
[INFO] [stdout] 
[INFO] [stdout] 
[INFO] [stdout] error[E0615]: attempted to take value of method `ciphertext_lo` on type `&solana_zk_token_sdk::instruction::TransferData`
[INFO] [stdout]    --> /opt/rustwide/cargo-home/registry/src/index.crates.io-6f17d22bba15001f/spl-token-2022-0.5.0/src/extension/confidential_transfer/processor.rs:630:24
[INFO] [stdout]     |
[INFO] [stdout] 630 |             proof_data.ciphertext_lo.source_handle,
[INFO] [stdout]     |                        ^^^^^^^^^^^^^ method, not a field
[INFO] [stdout]     |
[INFO] [stdout] help: use parentheses to call the method
[INFO] [stdout]     |
[INFO] [stdout] 630 |             proof_data.ciphertext_lo().source_handle,
[INFO] [stdout]     |                                     ++
[INFO] [stdout] 
[INFO] [stdout] 
[INFO] [stdout] error[E0615]: attempted to take value of method `ciphertext_hi` on type `&solana_zk_token_sdk::instruction::TransferData`
[INFO] [stdout]    --> /opt/rustwide/cargo-home/registry/src/index.crates.io-6f17d22bba15001f/spl-token-2022-0.5.0/src/extension/confidential_transfer/processor.rs:633:24
[INFO] [stdout]     |
[INFO] [stdout] 633 |             proof_data.ciphertext_hi.commitment,
[INFO] [stdout]     |                        ^^^^^^^^^^^^^ method, not a field
[INFO] [stdout]     |
[INFO] [stdout] help: use parentheses to call the method
[INFO] [stdout]     |
[INFO] [stdout] 633 |             proof_data.ciphertext_hi().commitment,
[INFO] [stdout]     |                                     ++
[INFO] [stdout] 
[INFO] [stdout] 
[INFO] [stdout] error[E0615]: attempted to take value of method `ciphertext_hi` on type `&solana_zk_token_sdk::instruction::TransferData`
[INFO] [stdout]    --> /opt/rustwide/cargo-home/registry/src/index.crates.io-6f17d22bba15001f/spl-token-2022-0.5.0/src/extension/confidential_transfer/processor.rs:634:24
[INFO] [stdout]     |
[INFO] [stdout] 634 |             proof_data.ciphertext_hi.source_handle,
[INFO] [stdout]     |                        ^^^^^^^^^^^^^ method, not a field
[INFO] [stdout]     |
[INFO] [stdout] help: use parentheses to call the method
[INFO] [stdout]     |
[INFO] [stdout] 634 |             proof_data.ciphertext_hi().source_handle,
[INFO] [stdout]     |                                     ++
[INFO] [stdout] 
[INFO] [stdout] 
[INFO] [stdout] error[E0609]: no field `transfer_pubkeys` on type `&solana_zk_token_sdk::instruction::TransferData`
[INFO] [stdout]    --> /opt/rustwide/cargo-home/registry/src/index.crates.io-6f17d22bba15001f/spl-token-2022-0.5.0/src/extension/confidential_transfer/processor.rs:643:25
[INFO] [stdout]     |
[INFO] [stdout] 643 |             &proof_data.transfer_pubkeys.source_pubkey,
[INFO] [stdout]     |                         ^^^^^^^^^^^^^^^^ unknown field
[INFO] [stdout]     |
[INFO] [stdout]     = note: available fields are: `context`, `proof`
[INFO] [stdout] help: one of the expressions' fields has a field of the same name
[INFO] [stdout]     |
[INFO] [stdout] 643 |             &proof_data.context.transfer_pubkeys.source_pubkey,
[INFO] [stdout]     |                         ++++++++
[INFO] [stdout] 
[INFO] [stdout] 
[INFO] [stdout] error[E0615]: attempted to take value of method `ciphertext_lo` on type `&solana_zk_token_sdk::instruction::TransferData`
[INFO] [stdout]    --> /opt/rustwide/cargo-home/registry/src/index.crates.io-6f17d22bba15001f/spl-token-2022-0.5.0/src/extension/confidential_transfer/processor.rs:650:24
[INFO] [stdout]     |
[INFO] [stdout] 650 |             proof_data.ciphertext_lo.commitment,
[INFO] [stdout]     |                        ^^^^^^^^^^^^^ method, not a field
[INFO] [stdout]     |
[INFO] [stdout] help: use parentheses to call the method
[INFO] [stdout]     |
[INFO] [stdout] 650 |             proof_data.ciphertext_lo().commitment,
[INFO] [stdout]     |                                     ++
[INFO] [stdout] 
[INFO] [stdout] 
[INFO] [stdout] error[E0615]: attempted to take value of method `ciphertext_lo` on type `&solana_zk_token_sdk::instruction::TransferData`
[INFO] [stdout]    --> /opt/rustwide/cargo-home/registry/src/index.crates.io-6f17d22bba15001f/spl-token-2022-0.5.0/src/extension/confidential_transfer/processor.rs:651:24
[INFO] [stdout]     |
[INFO] [stdout] 651 |             proof_data.ciphertext_lo.destination_handle,
[INFO] [stdout]     |                        ^^^^^^^^^^^^^ method, not a field
[INFO] [stdout]     |
[INFO] [stdout] help: use parentheses to call the method
[INFO] [stdout]     |
[INFO] [stdout] 651 |             proof_data.ciphertext_lo().destination_handle,
[INFO] [stdout]     |                                     ++
[INFO] [stdout] 
[INFO] [stdout] 
[INFO] [stdout] error[E0615]: attempted to take value of method `ciphertext_hi` on type `&solana_zk_token_sdk::instruction::TransferData`
[INFO] [stdout]    --> /opt/rustwide/cargo-home/registry/src/index.crates.io-6f17d22bba15001f/spl-token-2022-0.5.0/src/extension/confidential_transfer/processor.rs:654:24
[INFO] [stdout]     |
[INFO] [stdout] 654 |             proof_data.ciphertext_hi.commitment,
[INFO] [stdout]     |                        ^^^^^^^^^^^^^ method, not a field
[INFO] [stdout]     |
[INFO] [stdout] help: use parentheses to call the method
[INFO] [stdout]     |
[INFO] [stdout] 654 |             proof_data.ciphertext_hi().commitment,
[INFO] [stdout]     |                                     ++
[INFO] [stdout] 
[INFO] [stdout] 
[INFO] [stdout] error[E0615]: attempted to take value of method `ciphertext_hi` on type `&solana_zk_token_sdk::instruction::TransferData`
[INFO] [stdout]    --> /opt/rustwide/cargo-home/registry/src/index.crates.io-6f17d22bba15001f/spl-token-2022-0.5.0/src/extension/confidential_transfer/processor.rs:655:24
[INFO] [stdout]     |
[INFO] [stdout] 655 |             proof_data.ciphertext_hi.destination_handle,
[INFO] [stdout]     |                        ^^^^^^^^^^^^^ method, not a field
[INFO] [stdout]     |
[INFO] [stdout] help: use parentheses to call the method
[INFO] [stdout]     |
[INFO] [stdout] 655 |             proof_data.ciphertext_hi().destination_handle,
[INFO] [stdout]     |                                     ++
[INFO] [stdout] 
[INFO] [stdout] 
[INFO] [stdout] error[E0609]: no field `transfer_pubkeys` on type `&solana_zk_token_sdk::instruction::TransferData`
[INFO] [stdout]    --> /opt/rustwide/cargo-home/registry/src/index.crates.io-6f17d22bba15001f/spl-token-2022-0.5.0/src/extension/confidential_transfer/processor.rs:661:25
[INFO] [stdout]     |
[INFO] [stdout] 661 |             &proof_data.transfer_pubkeys.destination_pubkey,
[INFO] [stdout]     |                         ^^^^^^^^^^^^^^^^ unknown field
[INFO] [stdout]     |
[INFO] [stdout]     = note: available fields are: `context`, `proof`
[INFO] [stdout] help: one of the expressions' fields has a field of the same name
[INFO] [stdout]     |
[INFO] [stdout] 661 |             &proof_data.context.transfer_pubkeys.destination_pubkey,
[INFO] [stdout]     |                         ++++++++
[INFO] [stdout] 
[INFO] [stdout] 
[INFO] [stdout] error[E0609]: no field `withdraw_withheld_authority_pubkey` on type `&solana_zk_token_sdk::instruction::WithdrawWithheldTokensData`
[INFO] [stdout]    --> /opt/rustwide/cargo-home/registry/src/index.crates.io-6f17d22bba15001f/spl-token-2022-0.5.0/src/extension/confidential_transfer/processor.rs:991:19
[INFO] [stdout]     |
[INFO] [stdout] 991 |     if proof_data.withdraw_withheld_authority_pubkey
[INFO] [stdout]     |                   ^^^^^^^^^^^^^^^^^^^^^^^^^^^^^^^^^^ unknown field
[INFO] [stdout]     |
[INFO] [stdout]     = note: available fields are: `context`, `proof`
[INFO] [stdout] help: one of the expressions' fields has a field of the same name
[INFO] [stdout]     |
[INFO] [stdout] 991 |     if proof_data.context.withdraw_withheld_authority_pubkey
[INFO] [stdout]     |                   ++++++++
[INFO] [stdout] 
[INFO] [stdout] 
[INFO] [stdout] error[E0609]: no field `destination_pubkey` on type `&solana_zk_token_sdk::instruction::WithdrawWithheldTokensData`
[INFO] [stdout]    --> /opt/rustwide/cargo-home/registry/src/index.crates.io-6f17d22bba15001f/spl-token-2022-0.5.0/src/extension/confidential_transfer/processor.rs:998:19
[INFO] [stdout]     |
[INFO] [stdout] 998 |     if proof_data.destination_pubkey != destination_confidential_transfer_account.encryption_pubkey
[INFO] [stdout]     |                   ^^^^^^^^^^^^^^^^^^ unknown field
[INFO] [stdout]     |
[INFO] [stdout]     = note: available fields are: `context`, `proof`
[INFO] [stdout] help: one of the expressions' fields has a field of the same name
[INFO] [stdout]     |
[INFO] [stdout] 998 |     if proof_data.context.destination_pubkey != destination_confidential_transfer_account.encryption_pubkey
[INFO] [stdout]     |                   ++++++++
[INFO] [stdout] 
[INFO] [stdout] 
[INFO] [stdout] error[E0609]: no field `withdraw_withheld_authority_ciphertext` on type `&solana_zk_token_sdk::instruction::WithdrawWithheldTokensData`
[INFO] [stdout]     --> /opt/rustwide/cargo-home/registry/src/index.crates.io-6f17d22bba15001f/spl-token-2022-0.5.0/src/extension/confidential_transfer/processor.rs:1004:19
[INFO] [stdout]      |
[INFO] [stdout] 1004 |     if proof_data.withdraw_withheld_authority_ciphertext
[INFO] [stdout]      |                   ^^^^^^^^^^^^^^^^^^^^^^^^^^^^^^^^^^^^^^ unknown field
[INFO] [stdout]      |
[INFO] [stdout]      = note: available fields are: `context`, `proof`
[INFO] [stdout] help: one of the expressions' fields has a field of the same name
[INFO] [stdout]      |
[INFO] [stdout] 1004 |     if proof_data.context.withdraw_withheld_authority_ciphertext
[INFO] [stdout]      |                   ++++++++
[INFO] [stdout] 
[INFO] [stdout] 
[INFO] [stdout] error[E0609]: no field `destination_ciphertext` on type `&solana_zk_token_sdk::instruction::WithdrawWithheldTokensData`
[INFO] [stdout]     --> /opt/rustwide/cargo-home/registry/src/index.crates.io-6f17d22bba15001f/spl-token-2022-0.5.0/src/extension/confidential_transfer/processor.rs:1014:21
[INFO] [stdout]      |
[INFO] [stdout] 1014 |         &proof_data.destination_ciphertext,
[INFO] [stdout]      |                     ^^^^^^^^^^^^^^^^^^^^^^ unknown field
[INFO] [stdout]      |
[INFO] [stdout]      = note: available fields are: `context`, `proof`
[INFO] [stdout] help: one of the expressions' fields has a field of the same name
[INFO] [stdout]      |
[INFO] [stdout] 1014 |         &proof_data.context.destination_ciphertext,
[INFO] [stdout]      |                     ++++++++
[INFO] [stdout] 
[INFO] [stdout] 
[INFO] [stdout] error[E0609]: no field `withdraw_withheld_authority_pubkey` on type `&solana_zk_token_sdk::instruction::WithdrawWithheldTokensData`
[INFO] [stdout]     --> /opt/rustwide/cargo-home/registry/src/index.crates.io-6f17d22bba15001f/spl-token-2022-0.5.0/src/extension/confidential_transfer/processor.rs:1123:19
[INFO] [stdout]      |
[INFO] [stdout] 1123 |     if proof_data.withdraw_withheld_authority_pubkey
[INFO] [stdout]      |                   ^^^^^^^^^^^^^^^^^^^^^^^^^^^^^^^^^^ unknown field
[INFO] [stdout]      |
[INFO] [stdout]      = note: available fields are: `context`, `proof`
[INFO] [stdout] help: one of the expressions' fields has a field of the same name
[INFO] [stdout]      |
[INFO] [stdout] 1123 |     if proof_data.context.withdraw_withheld_authority_pubkey
[INFO] [stdout]      |                   ++++++++
[INFO] [stdout] 
[INFO] [stdout] 
[INFO] [stdout] error[E0609]: no field `destination_pubkey` on type `&solana_zk_token_sdk::instruction::WithdrawWithheldTokensData`
[INFO] [stdout]     --> /opt/rustwide/cargo-home/registry/src/index.crates.io-6f17d22bba15001f/spl-token-2022-0.5.0/src/extension/confidential_transfer/processor.rs:1130:19
[INFO] [stdout]      |
[INFO] [stdout] 1130 |     if proof_data.destination_pubkey != destination_confidential_transfer_account.encryption_pubkey
[INFO] [stdout]      |                   ^^^^^^^^^^^^^^^^^^ unknown field
[INFO] [stdout]      |
[INFO] [stdout]      = note: available fields are: `context`, `proof`
[INFO] [stdout] help: one of the expressions' fields has a field of the same name
[INFO] [stdout]      |
[INFO] [stdout] 1130 |     if proof_data.context.destination_pubkey != destination_confidential_transfer_account.encryption_pubkey
[INFO] [stdout]      |                   ++++++++
[INFO] [stdout] 
[INFO] [stdout] 
[INFO] [stdout] error[E0609]: no field `withdraw_withheld_authority_ciphertext` on type `&solana_zk_token_sdk::instruction::WithdrawWithheldTokensData`
[INFO] [stdout]     --> /opt/rustwide/cargo-home/registry/src/index.crates.io-6f17d22bba15001f/spl-token-2022-0.5.0/src/extension/confidential_transfer/processor.rs:1136:19
[INFO] [stdout]      |
[INFO] [stdout] 1136 |     if proof_data.withdraw_withheld_authority_ciphertext != aggregate_withheld_amount {
[INFO] [stdout]      |                   ^^^^^^^^^^^^^^^^^^^^^^^^^^^^^^^^^^^^^^ unknown field
[INFO] [stdout]      |
[INFO] [stdout]      = note: available fields are: `context`, `proof`
[INFO] [stdout] help: one of the expressions' fields has a field of the same name
[INFO] [stdout]      |
[INFO] [stdout] 1136 |     if proof_data.context.withdraw_withheld_authority_ciphertext != aggregate_withheld_amount {
[INFO] [stdout]      |                   ++++++++
[INFO] [stdout] 
[INFO] [stdout] 
[INFO] [stdout] error[E0609]: no field `destination_ciphertext` on type `&solana_zk_token_sdk::instruction::WithdrawWithheldTokensData`
[INFO] [stdout]     --> /opt/rustwide/cargo-home/registry/src/index.crates.io-6f17d22bba15001f/spl-token-2022-0.5.0/src/extension/confidential_transfer/processor.rs:1143:21
[INFO] [stdout]      |
[INFO] [stdout] 1143 |         &proof_data.destination_ciphertext,
[INFO] [stdout]      |                     ^^^^^^^^^^^^^^^^^^^^^^ unknown field
[INFO] [stdout]      |
[INFO] [stdout]      = note: available fields are: `context`, `proof`
[INFO] [stdout] help: one of the expressions' fields has a field of the same name
[INFO] [stdout]      |
[INFO] [stdout] 1143 |         &proof_data.context.destination_ciphertext,
[INFO] [stdout]      |                     ++++++++
[INFO] [stdout] 
[INFO] [stdout] 
[INFO] [stdout] error: aborting due to 47 previous errors
[INFO] [stdout] 
[INFO] [stdout] 
[INFO] [stdout] Some errors have detailed explanations: E0061, E0599, E0609, E0615.
[INFO] [stdout] 
[INFO] [stdout] For more information about an error, try `rustc --explain E0061`.
[INFO] [stdout] 
[INFO] [stderr] error: could not compile `spl-token-2022` (lib) due to 48 previous errors
[INFO] [stderr] warning: build failed, waiting for other jobs to finish...
[INFO] running `Command { std: "docker" "inspect" "4a1d8e6d3f20916d5294a509e10f53e30fc3abde3a04c5b7ccd425796139be0f", kill_on_drop: false }`
[INFO] running `Command { std: "docker" "rm" "-f" "4a1d8e6d3f20916d5294a509e10f53e30fc3abde3a04c5b7ccd425796139be0f", kill_on_drop: false }`
[INFO] [stdout] 4a1d8e6d3f20916d5294a509e10f53e30fc3abde3a04c5b7ccd425796139be0f
